{"id":157,"date":"2019-09-03T14:57:39","date_gmt":"2019-09-03T12:57:39","guid":{"rendered":"http:\/\/www.concept-streitberg.de\/?page_id=157"},"modified":"2019-09-03T14:57:40","modified_gmt":"2019-09-03T12:57:40","slug":"das-ergebnis","status":"publish","type":"page","link":"https:\/\/www.concept-streitberg.de\/?page_id=157","title":{"rendered":"Das Ergebnis"},"content":{"rendered":"\n<p>Das Ergebnis dieses Prozesses sind Teams, die auch ausgepr\u00e4gte Individuen integrieren k\u00f6nnen. Die Unterschiedlichkeit der Blickpunkte der Teilnehmer haben solche Teams als ihre eigentliche Kreativquelle entdeckt. &#8222;Meins-ist-besser-als-deins&#8220;-Konflikte sind dann unn\u00f6tig.<\/p>\n\n\n\n<p>Der STREITBERG-Prozess baut auf den gesicherten Erkenntnissen der Verhaltensbiologie auf.<\/p>\n\n\n\n<p>Missverst\u00e4ndnisse sind weit h\u00e4ufiger Konfliktursache als B\u00f6swilligkeit.<\/p>\n\n\n\n<p>Gegenseitige Akzeptanz ist n\u00fctzlicher als die Forderung nach Verhaltens\u00e4nderung.<\/p>\n\n\n\n<p>Vertrauen ben\u00f6tigt weniger Zeit, Energie und Ressourcen als Kontrolle.<\/p>\n\n\n\n<p>Lernen durch Neugier ist effektiver als Lernen durch Druck.<\/p>\n\n\n\n<p>So wird ein Umfeld geschaffen, in dem jeder Einzelne und das Team als Ganzes mit Lust Hochleistung erbringt.<\/p>\n","protected":false},"excerpt":{"rendered":"<p>Das Ergebnis dieses Prozesses sind Teams, die auch ausgepr\u00e4gte Individuen integrieren k\u00f6nnen. Die Unterschiedlichkeit der Blickpunkte der Teilnehmer haben solche Teams als ihre eigentliche Kreativquelle entdeckt. &#8222;Meins-ist-besser-als-deins&#8220;-Konflikte sind dann unn\u00f6tig. Der STREITBERG-Prozess baut auf den gesicherten Erkenntnissen der Verhaltensbiologie auf. Missverst\u00e4ndnisse sind weit h\u00e4ufiger Konfliktursache als B\u00f6swilligkeit. Gegenseitige Akzeptanz ist n\u00fctzlicher als die Forderung nach &hellip; <\/p>\n<p class=\"link-more\"><a href=\"https:\/\/www.concept-streitberg.de\/?page_id=157\" class=\"more-link\"><span class=\"screen-reader-text\">\u201eDas Ergebnis\u201c<\/span> weiterlesen<\/a><\/p>\n","protected":false},"author":1,"featured_media":0,"parent":0,"menu_order":0,"comment_status":"closed","ping_status":"closed","template":"","meta":{"footnotes":""},"class_list":["post-157","page","type-page","status-publish","hentry"],"_links":{"self":[{"href":"https:\/\/www.concept-streitberg.de\/index.php?rest_route=\/wp\/v2\/pages\/157","targetHints":{"allow":["GET"]}}],"collection":[{"href":"https:\/\/www.concept-streitberg.de\/index.php?rest_route=\/wp\/v2\/pages"}],"about":[{"href":"https:\/\/www.concept-streitberg.de\/index.php?rest_route=\/wp\/v2\/types\/page"}],"author":[{"embeddable":true,"href":"https:\/\/www.concept-streitberg.de\/index.php?rest_route=\/wp\/v2\/users\/1"}],"replies":[{"embeddable":true,"href":"https:\/\/www.concept-streitberg.de\/index.php?rest_route=%2Fwp%2Fv2%2Fcomments&post=157"}],"version-history":[{"count":1,"href":"https:\/\/www.concept-streitberg.de\/index.php?rest_route=\/wp\/v2\/pages\/157\/revisions"}],"predecessor-version":[{"id":159,"href":"https:\/\/www.concept-streitberg.de\/index.php?rest_route=\/wp\/v2\/pages\/157\/revisions\/159"}],"wp:attachment":[{"href":"https:\/\/www.concept-streitberg.de\/index.php?rest_route=%2Fwp%2Fv2%2Fmedia&parent=157"}],"curies":[{"name":"wp","href":"https:\/\/api.w.org\/{rel}","templated":true}]}}